n base 9, what is -3 - -412?
408
In base 14, what is -10 - -1?
-d
In base 9, what is -1 - 31?
-32
In base 13, what is 224 - -5?
229
In base 2, what is -11001 - -111101011?
111010010
In base 11, what is 13 - 18?
-5
In base 2, what is 1101 + 101001?
110110
In base 12, what is 21 + -10?
11
In base 13, what is 31 - -3?
34
In base 12, what is 0 + -181?
-181
In base 6, what is 11331 + 0?
11331
In base 3, what is -110 - -120?
10
In base 12, what is -20 - b?
-2b
In base 12, what is 2 + 42?
44
In base 8, what is -64 + 215?
131
In base 14, what is -1 + -1d?
-20
In base 9, what is -1 + -182?
-183
In base 13, what is 3 - -47?
4a
In base 3, what is -11210 + 12100?
120
In base 2, what is -100 - -101111?
101011
In base 8, what is -74 + 16?
-56
In base 12, what is -1092 - -5?
-1089
In base 9, what is 266 + 2?
268
In base 4, what is 1 - -13101?
13102
In base 15, what is -2 - 842?
-844
In base 7, what is 21 + -536?
-515
In base 3, what is 2211 - -1?
2212
In base 8, what is 4 + -11533?
-11527
In base 3, what is 11 - 1122?
-1111
In base 14, what is 5 - 52b?
-526
In base 13, what is 6 - -128?
131
In base 12, what is -8 + 82?
76
In base 2, what is 1 + 110110?
110111
In base 16, what is -3edc + 2?
-3eda
In base 2, what is 10100 - 1010?
1010
In base 15, what is 9a12 - -1?
9a13
In base 10, what is -14 - 18?
-32
In base 11, what is 46 - -1?
47
In base 10, what is 3 - 1074?
-1071
In base 16, what is -2 - 1d?
-1f
In base 16, what is -214 - 2?
-216
In base 8, what is -26627 - 0?
-26627
In base 11, what is 1017 + 1?
1018
In base 13, what is -935 + -4?
-939
In base 2, what is -100011111101 + 11?
-100011111010
In base 2, what is -11011111 - 101?
-11100100
In base 15, what is 36b + -4?
367
In base 9, what is 1 - -66?
67
In base 2, what is 1 + 1001101011?
1001101100
In base 3, what is -200 - 12?
-212
In base 7, what is 2 - 150?
-145
In base 3, what is 2 + -22211?
-22202
In base 15, what is -282 + 4?
-27d
In base 6, what is 105 - 2?
103
In base 2, what is -111 - 1011001011?
-1011010010
In base 6, what is 0 - -3152?
3152
In base 7, what is 112 + 431?
543
In base 6, what is 1441 + 200?
2041
In base 9, what is 11 - 0?
11
In base 14, what is -194 + 5?
-18d
In base 4, what is 300 - -321?
1221
In base 11, what is -a - -9?
-1
In base 11, what is 52 - -16?
68
In base 10, what is 78 - 4?
74
In base 8, what is -1076 - -6?
-1070
In base 3, what is -12 - 111?
-200
In base 12, what is 161b + 4?
1623
In base 6, what is 5 + 405?
414
In base 5, what is 102334 + -3?
102331
In base 6, what is 23125 - 0?
23125
In base 8, what is 0 - -712?
712
In base 10, what is 67 + 10?
77
In base 2, what is 11111 - -101?
100100
In base 16, what is 2 + -f?
-d
In base 5, what is 32411 + 2?
32413
In base 10, what is 1102 + -1?
1101
In base 11, what is 1 - -1?
2
In base 11, what is 140 - 11?
12a
In base 4, what is -103 - -122?
13
In base 6, what is -203 + -1?
-204
In base 6, what is -2 - 2?
-4
In base 10, what is 9 - 5?
4
In base 11, what is -175 - -10?
-165
In base 5, what is 0 + 32031?
32031
In base 8, what is 3 - 7?
-4
In base 7, what is 5 - -30061?
30066
In base 3, what is -100 + 1212?
1112
In base 7, what is 361 + -32?
326
In base 16, what is 5f - 3?
5c
In base 2, what is 10 + -100111000?
-100110110
In base 5, what is 12 - -2403?
2420
In base 2, what is 11010 + 1011?
100101
In base 9, what is -33 - -88?
55
In base 14, what is 3a - 5?
35
In base 2, what is 10 - -111?
1001
In base 12, what is 1195 - 4?
1191
In base 2, what is -1000000010000 - 11?
-1000000010011
In base 3, what is 221010 - -1?
221011
In base 7, what is 11 - 56?
-45
In base 16, what is 2 - -15?
17
In base 15, what is 1d9 + 18?
202
In base 9, what is -8721 + 2?
-8718
In base 12, what is 4 + 107?
10b
In base 10, what is -14534 - 1?
-14535
In base 9, what is -3 + -10644?
-10647
In base 6, what is -122410 + 0?
-122410
In base 14, what is 4 - 63d?
-639
In base 8, what is 1030 + -5?
1023
In base 16, what is -366 - 0?
-366
In base 11, what is -37 - -2?
-35
In base 3, what is 10 - 11010210?
-11010200
In base 3, what is 10 + -12001?
-11221
In base 8, what is -15355 + -1?
-15356
In base 13, what is 1 - -1b81?
1b82
In base 2, what is 110111001 - 101?
110110100
In base 14, what is -1dc - -3?
-1d9
In base 9, what is -86 - 12?
-108
In base 12, what is -6 + -b3?
-b9
In base 2, what is 10 - 1100111?
-1100101
In base 5, what is -3423 + 0?
-3423
In base 10, what is 14817 - 0?
14817
In base 4, what is -10131 + -23?
-10220
In base 5, what is 113 + 3?
121
In base 9, what is -15 + 26?
11
In base 3, what is -10000 + -10?
-10010
In base 4, what is -313210 - -11?
-313133
In base 8, what is -1 - -16775?
16774
In base 5, what is 304331 - 10?
304321
In base 12, what is 0 - -6a1?
6a1
In base 2, what is 10001 - 1101101?
-1011100
In base 15, what is 5 + 72?
77
In base 9, what is -242 - 5?
-247
In base 3, what is 12122212 + -2?
12122210
In base 12, what is -65 - 19?
-82
In base 9, what is -5 + 26?
21
In base 15, what is -3 + -33?
-36
In base 9, what is 10447 - 3?
10444
In base 9, what is 12835 - 5?
12830
In base 5, what is 104341 + -1?
104340
In base 3, what is -221211021 - 2?
-221211100
In base 16, what is 85 - 6?
7f
In base 12, what is -287 + -5?
-290
In base 14, what is 2 - -67d?
681
In base 9, what is -210 + 4?
-205
In base 6, what is 230 - 1?
225
In base 12, what is 230 + -22?
20a
In base 2, what is -110111 + 1?
-110110
In base 15, what is -b08 + 5?
-b03
In base 8, what is 5 + 46?
53
In base 15, what is 6 + -39?
-33
In base 14, what is 3 + -28?
-25
In base 12, what is 84 - 16?
6a
In base 10, what is 0 - 197?
-197
In base 3, what is 102222 - -1?
110000
In base 5, what is -3 - -3240?
3232
In base 5, what is 3 - 23211?
-23203
In base 13, what is 3 + -39?
-36
In base 6, what is -144351 + 5?
-144342
In base 8, what is 61 + 6?
67
In base 16, what is -3e5 + 0?
-3e5
In base 4, what is -1 + -113?
-120
In base 10, what is 7 + -4?
3
In base 13, what is 0 - a61?
-a61
In base 6, what is -243 + 5?
-234
In base 10, what is 6346 + 2?
6348
In base 12, what is -104 + -22?
-126
In base 13, what is 4 + -b06?
-b02
In base 2, what is -1010110011 + 1?
-1010110010
In base 5, what is 3 + 2100?
2103
In base 2, what is -1 + 101011?
101010
In base 2, what is -1100000 + 101?
-1011011
In base 14, what is -1b + 2?
-19
In base 12, what is -17a + 7?
-173
In base 4, what is 22 + -102?
-20
In base 10, what is 2 - -53?
55
In base 15, what is -4 + -5ea?
-5ee
In base 16, what is 177 - 5?
172
In base 7, what is 4 - 140?
-133
In base 3, what is 20012 - -10?
20022
In base 3, what is -210112 - 2?
-210121
In base 14, what is -54b + 3?
-548
In base 7, what is 405 + 1?
406
In base 2, what is 101101110 - -10?
101110000
In base 3, what is 10 + -2?
1
In base 7, what is -1265 - -1?
-1264
In base 2, what is -101100110 + -100?
-101101010
In base 15, what is d5 - -1?
d6
In base 10, what is -320 + 3?
-317
In base 15, what is 3 - -ac?
b0
In base 5, what is -10 + 10114?
10104
In base 6, what is 13 + 4510?
4523
In base 6, what is 5 + -1131?
-1122
In base 16, what is -3 + 3a6?
3a3
In base 8, what is -4 - -134?
130
In base 13, what is -2399 - 4?
-23a0
In base 15, what is 973 - -1?
974
In base 2, what is -11 - -100000111101?
100000111010
In base 8, what is -74 + 110?
14
In base 8, what is -2 - -12?
10
In base 2, what is 11100000 - 10?
11011110
In base 12, what is -5 + -11a?
-123
In base 16, what is 50f - 0?
50f
In base 3, what is 110 - -112?
222
In base 9, what is -2 + 167?
165
In base 7, what is -3555 + -6?
-3564
In base 9, what is 317 - 1?
316
In base 12, what is 3 - 1092?
-108b
In base 11, what is 1444 - -1?
1445
In base 3, what is 121 + -2202?
-2011
In base 15, what is 1 - -c80?
c81
In base 13, what is -1 - 214?
-215
In base 7, what is -33 - -50?
14
In base 4, what is 2031 - -1?
2032
In base 10, what is 5 + 1?
6
In base 13, what is -a - 33?
-40
In base 3, what is -10120100 + 1?
-10120022
In base 11, what is 0 - 3?
-3
In base 4, what is -303 - 11113?
-12022
In base 2, what is 11110010 + -11?
11101111
In base 3, what is -1212000 + 11?
-1211212
In base 2, what is -100011100100 - 0?
-100011100100
In base 8, what is 53 - 5?
46
In base 6, what is 5 + 22555?
23004
In base 9, what is -676 + 7?
-668
In base 3, what is 20100 + 10202?
101002
In base 2, what is -100001101 - -10100?
-11111001
In base 10, what is -7 + -20?
-27
In base 8